{"id":2546,"date":"2025-04-15T17:33:04","date_gmt":"2025-04-15T20:33:04","guid":{"rendered":"https:\/\/giselebisacchi.com.br\/?page_id=2546"},"modified":"2025-04-21T19:55:45","modified_gmt":"2025-04-21T22:55:45","slug":"a-profissional","status":"publish","type":"page","link":"https:\/\/giselebisacchi.com.br\/?page_id=2546","title":{"rendered":"A profissional"},"content":{"rendered":"\t\t<div data-elementor-type=\"wp-page\" data-elementor-id=\"2546\" class=\"elementor elementor-2546\" data-elementor-post-type=\"page\">\n\t\t\t\t<div class=\"elementor-element elementor-element-01e5e1a elementor-hidden-mobile e-flex e-con-boxed e-con e-parent\" data-id=\"01e5e1a\" data-element_type=\"container\" data-settings=\"{&quot;background_background&quot;:&quot;classic&quot;}\">\n\t\t\t\t\t<div class=\"e-con-inner\">\n\t\t<div class=\"elementor-element elementor-element-397cbcb e-con-full e-flex e-con e-child\" data-id=\"397cbcb\" data-element_type=\"container\">\n\t\t<div class=\"elementor-element elementor-element-0e0e7a6 e-con-full e-flex e-con e-child\" data-id=\"0e0e7a6\" data-element_type=\"container\">\n\t\t\t\t<div class=\"elementor-element elementor-element-a081332 elementor-widget-laptop__width-initial elementor-widget__width-initial elementor-widget elementor-widget-image\" data-id=\"a081332\" data-element_type=\"widget\" data-widget_type=\"image.default\">\n\t\t\t\t<div class=\"elementor-widget-container\">\n\t\t\t\t\t\t\t\t\t\t\t\t\t\t\t\t<a href=\"http:\/\/giselebisacchi.com.br\">\n\t\t\t\t\t\t\t<img fetchpriority=\"high\" decoding=\"async\" width=\"904\" height=\"404\" src=\"https:\/\/giselebisacchi.com.br\/wp-content\/uploads\/2025\/04\/Arquiteta-Gis.png\" class=\"attachment-full size-full wp-image-2411\" alt=\"\" srcset=\"https:\/\/giselebisacchi.com.br\/wp-content\/uploads\/2025\/04\/Arquiteta-Gis.png 904w, https:\/\/giselebisacchi.com.br\/wp-content\/uploads\/2025\/04\/Arquiteta-Gis-300x134.png 300w, https:\/\/giselebisacchi.com.br\/wp-content\/uploads\/2025\/04\/Arquiteta-Gis-768x343.png 768w\" sizes=\"(max-width: 904px) 100vw, 904px\" \/>\t\t\t\t\t\t\t\t<\/a>\n\t\t\t\t\t\t\t\t\t\t\t\t\t\t\t<\/div>\n\t\t\t\t<\/div>\n\t\t<div class=\"elementor-element elementor-element-8e58454 e-con-full e-flex e-con e-child\" data-id=\"8e58454\" data-element_type=\"container\">\n\t\t\t\t<div class=\"elementor-element elementor-element-bdc45d3 hover-grow elementor-widget elementor-widget-text-editor\" data-id=\"bdc45d3\" data-element_type=\"widget\" data-widget_type=\"text-editor.default\">\n\t\t\t\t<div class=\"elementor-widget-container\">\n\t\t\t\t\t\t\t\t\t<span style=\"color: #ffffff;\"><a style=\"color: #252525;\" href=\"https:\/\/giselebisacchi.com.br\/?page_id=2407\">PORTF\u00d3LIO<\/a><\/span>\t\t\t\t\t\t\t\t<\/div>\n\t\t\t\t<\/div>\n\t\t\t\t<div class=\"elementor-element elementor-element-78e91c9 hover-grow elementor-widget elementor-widget-text-editor\" data-id=\"78e91c9\" data-element_type=\"widget\" data-widget_type=\"text-editor.default\">\n\t\t\t\t<div class=\"elementor-widget-container\">\n\t\t\t\t\t\t\t\t\t<span style=\"color: #ffffff;\"><a style=\"color: #252525;\" href=\"https:\/\/giselebisacchi.com.br\/?page_id=2546\">A PROFISSIONAL<\/a><\/span>\t\t\t\t\t\t\t\t<\/div>\n\t\t\t\t<\/div>\n\t\t\t\t<div class=\"elementor-element elementor-element-0bfc7d9 hover-grow elementor-widget elementor-widget-text-editor\" data-id=\"0bfc7d9\" data-element_type=\"widget\" data-widget_type=\"text-editor.default\">\n\t\t\t\t<div class=\"elementor-widget-container\">\n\t\t\t\t\t\t\t\t\t<span style=\"color: #ffffff;\"><a style=\"color: #252525;\" href=\"https:\/\/giselebisacchi.com.br\/?page_id=2577\">CASA F\u00c1CIL<\/a><\/span>\t\t\t\t\t\t\t\t<\/div>\n\t\t\t\t<\/div>\n\t\t\t\t<div class=\"elementor-element elementor-element-5717f44 hover-grow elementor-widget elementor-widget-text-editor\" data-id=\"5717f44\" data-element_type=\"widget\" data-widget_type=\"text-editor.default\">\n\t\t\t\t<div class=\"elementor-widget-container\">\n\t\t\t\t\t\t\t\t\t<a href=\"https:\/\/giselebisacchi.com.br\/?page_id=2600\"><span style=\"color: #252525;\">V\u00cdDEOS<\/span><\/a>\t\t\t\t\t\t\t\t<\/div>\n\t\t\t\t<\/div>\n\t\t\t\t<div class=\"elementor-element elementor-element-4dd1862 hover-grow elementor-widget elementor-widget-text-editor\" data-id=\"4dd1862\" data-element_type=\"widget\" data-widget_type=\"text-editor.default\">\n\t\t\t\t<div class=\"elementor-widget-container\">\n\t\t\t\t\t\t\t\t\t<span style=\"color: #ffffff;\"><a style=\"color: #252525;\" href=\"https:\/\/giselebisacchi.com.br\/?page_id=2631\">ENTRE EM CONTATO<\/a><\/span>\t\t\t\t\t\t\t\t<\/div>\n\t\t\t\t<\/div>\n\t\t\t\t<\/div>\n\t\t\t\t<\/div>\n\t\t\t\t<\/div>\n\t\t\t\t\t<\/div>\n\t\t\t\t<\/div>\n\t\t<div class=\"elementor-element elementor-element-b9f410f elementor-hidden-desktop elementor-hidden-laptop elementor-hidden-tablet e-flex e-con-boxed e-con e-parent\" data-id=\"b9f410f\" data-element_type=\"container\" data-settings=\"{&quot;background_background&quot;:&quot;classic&quot;}\">\n\t\t\t\t\t<div class=\"e-con-inner\">\n\t\t<div class=\"elementor-element elementor-element-ea96111 e-con-full e-flex e-con e-child\" data-id=\"ea96111\" data-element_type=\"container\">\n\t\t\t\t<div class=\"elementor-element elementor-element-af7a4b0 elementor-widget-laptop__width-initial elementor-widget elementor-widget-image\" data-id=\"af7a4b0\" data-element_type=\"widget\" data-widget_type=\"image.default\">\n\t\t\t\t<div class=\"elementor-widget-container\">\n\t\t\t\t\t\t\t\t\t\t\t\t\t\t\t<img fetchpriority=\"high\" decoding=\"async\" width=\"904\" height=\"404\" src=\"https:\/\/giselebisacchi.com.br\/wp-content\/uploads\/2025\/04\/Arquiteta-Gis.png\" class=\"attachment-full size-full wp-image-2411\" alt=\"\" srcset=\"https:\/\/giselebisacchi.com.br\/wp-content\/uploads\/2025\/04\/Arquiteta-Gis.png 904w, https:\/\/giselebisacchi.com.br\/wp-content\/uploads\/2025\/04\/Arquiteta-Gis-300x134.png 300w, https:\/\/giselebisacchi.com.br\/wp-content\/uploads\/2025\/04\/Arquiteta-Gis-768x343.png 768w\" sizes=\"(max-width: 904px) 100vw, 904px\" \/>\t\t\t\t\t\t\t\t\t\t\t\t\t\t\t<\/div>\n\t\t\t\t<\/div>\n\t\t\t\t<div class=\"elementor-element elementor-element-03aea68 elementor-view-default elementor-widget elementor-widget-icon\" data-id=\"03aea68\" data-element_type=\"widget\" data-widget_type=\"icon.default\">\n\t\t\t\t<div class=\"elementor-widget-container\">\n\t\t\t\t\t\t\t<div class=\"elementor-icon-wrapper\">\n\t\t\t<a class=\"elementor-icon\" href=\"#elementor-action%3Aaction%3Dpopup%3Aopen%26settings%3DeyJpZCI6IjIzODciLCJ0b2dnbGUiOmZhbHNlfQ%3D%3D\">\n\t\t\t<i aria-hidden=\"true\" class=\"fas fa-bars\"><\/i>\t\t\t<\/a>\n\t\t<\/div>\n\t\t\t\t\t\t<\/div>\n\t\t\t\t<\/div>\n\t\t\t\t<\/div>\n\t\t\t\t\t<\/div>\n\t\t\t\t<\/div>\n\t\t<div class=\"elementor-element elementor-element-b1d7aa8 e-flex e-con-boxed e-con e-parent\" data-id=\"b1d7aa8\" data-element_type=\"container\" data-settings=\"{&quot;background_background&quot;:&quot;classic&quot;}\">\n\t\t\t\t\t<div class=\"e-con-inner\">\n\t\t<div class=\"elementor-element elementor-element-02fcd7f e-con-full e-flex e-con e-child\" data-id=\"02fcd7f\" data-element_type=\"container\">\n\t\t\t\t<div class=\"elementor-element elementor-element-ee31cd7 elementor-widget elementor-widget-image\" data-id=\"ee31cd7\" data-element_type=\"widget\" data-widget_type=\"image.default\">\n\t\t\t\t<div class=\"elementor-widget-container\">\n\t\t\t\t\t\t\t\t\t\t\t\t\t\t\t<img decoding=\"async\" width=\"500\" height=\"500\" src=\"https:\/\/giselebisacchi.com.br\/wp-content\/uploads\/2025\/04\/Foto-gis.webp\" class=\"attachment-full size-full wp-image-2552\" alt=\"\" srcset=\"https:\/\/giselebisacchi.com.br\/wp-content\/uploads\/2025\/04\/Foto-gis.webp 500w, https:\/\/giselebisacchi.com.br\/wp-content\/uploads\/2025\/04\/Foto-gis-300x300.webp 300w, https:\/\/giselebisacchi.com.br\/wp-content\/uploads\/2025\/04\/Foto-gis-150x150.webp 150w\" sizes=\"(max-width: 500px) 100vw, 500px\" \/>\t\t\t\t\t\t\t\t\t\t\t\t\t\t\t<\/div>\n\t\t\t\t<\/div>\n\t\t\t\t<\/div>\n\t\t<div class=\"elementor-element elementor-element-29ccc73 e-con-full e-flex e-con e-child\" data-id=\"29ccc73\" data-element_type=\"container\">\n\t\t\t\t<div class=\"elementor-element elementor-element-bd8537a elementor-widget elementor-widget-image-box\" data-id=\"bd8537a\" data-element_type=\"widget\" data-widget_type=\"image-box.default\">\n\t\t\t\t<div class=\"elementor-widget-container\">\n\t\t\t\t\t<div class=\"elementor-image-box-wrapper\"><div class=\"elementor-image-box-content\"><h3 class=\"elementor-image-box-title\">A profissional<\/h3><p class=\"elementor-image-box-description\">Gisele Bisacchi Lima, natural de S\u00e3o Paulo, mudou-se com a fam\u00edlia para Presidente Prudente em 1978. Cursou ensino fundamental no Col\u00e9gio Esqueminha e ensino m\u00e9dio no Col\u00e9gio Objetivo, sempre se destacando entre os melhores alunos de sua sala.\n<br><br>\nCursou a UNESP \u2013 Universidade Estadual Paulista \u2013 em Bauru, onde se formou em 1993. Iniciou sua carreira trabalhando em um escrit\u00f3rio de engenharia conceituado na cidade, onde desenvolvia todos os projetos de arquitetura.\n<br><br>\n\nA Faculdade, que buscava acentuar a parte tecnol\u00f3gica e a constru\u00e7\u00e3o civil, juntamente com as parcerias que fez durante anos de trabalhos com engenheiros, fez com que Gisele se aprimorasse na quest\u00e3o de execu\u00e7\u00e3o de obras. Assim desenvolveu v\u00e1rios projetos residenciais, comerciais, edif\u00edcios de 8 e de 4 pavimentos, cl\u00ednicas m\u00e9dicas, lojas em shopping e v\u00e1rias franquias.\n<br><br>\n\nA profissional est\u00e1 sempre se atualizando participando de feiras e eventos de arquitetura e interiores, como Expo Revestir e CasaCor!\n<br><br>\n\nPara a arquiteta, um bom projeto \u00e9 aquele que consegue vislumbrar os sonhos de seu cliente aliando harmonia, est\u00e9tica, insola\u00e7\u00e3o, um bom aproveitamento do terreno e criando espa\u00e7os onde haja conforto, integra\u00e7\u00e3o dos ambientes, um bom projeto de interiores, ilumina\u00e7\u00e3o e ventila\u00e7\u00e3o, enfim, um lugar agrad\u00e1vel de se morar ou trabalhar.\n<br><br>\n\nA casa tem que ser feita para se morar bem, um espa\u00e7o acolhedor onde a integra\u00e7\u00e3o dos ambientes favorece o aconchego e a conviv\u00eancia familiar.<\/p><\/div><\/div>\t\t\t\t<\/div>\n\t\t\t\t<\/div>\n\t\t\t\t<div class=\"elementor-element elementor-element-533b8ad elementor-align-left elementor-widget elementor-widget-button\" data-id=\"533b8ad\" data-element_type=\"widget\" data-widget_type=\"button.default\">\n\t\t\t\t<div class=\"elementor-widget-container\">\n\t\t\t\t\t\t\t\t\t<div class=\"elementor-button-wrapper\">\n\t\t\t\t\t<a class=\"elementor-button elementor-button-link elementor-size-sm elementor-animation-grow\" href=\"https:\/\/giselebisacchi.com.br\/?page_id=2631\">\n\t\t\t\t\t\t<span class=\"elementor-button-content-wrapper\">\n\t\t\t\t\t\t\t\t\t<span class=\"elementor-button-text\">QUERO FAZER UM OR\u00c7AMENTO<\/span>\n\t\t\t\t\t<\/span>\n\t\t\t\t\t<\/a>\n\t\t\t\t<\/div>\n\t\t\t\t\t\t\t\t<\/div>\n\t\t\t\t<\/div>\n\t\t\t\t<\/div>\n\t\t\t\t\t<\/div>\n\t\t\t\t<\/div>\n\t\t<div class=\"elementor-element elementor-element-9e99e98 e-flex e-con-boxed e-con e-parent\" data-id=\"9e99e98\" data-element_type=\"container\" data-settings=\"{&quot;background_background&quot;:&quot;classic&quot;}\">\n\t\t\t\t\t<div class=\"e-con-inner\">\n\t\t<div class=\"elementor-element elementor-element-ef9e13f e-con-full e-flex e-con e-child\" data-id=\"ef9e13f\" data-element_type=\"container\">\n\t\t\t\t<div class=\"elementor-element elementor-element-b47f938 elementor-view-stacked elementor-shape-circle elementor-widget elementor-widget-icon\" data-id=\"b47f938\" data-element_type=\"widget\" data-widget_type=\"icon.default\">\n\t\t\t\t<div class=\"elementor-widget-container\">\n\t\t\t\t\t\t\t<div class=\"elementor-icon-wrapper\">\n\t\t\t<a class=\"elementor-icon elementor-animation-grow\" href=\"https:\/\/www.instagram.com\/giselebisacchiarquiteta\/\">\n\t\t\t<i aria-hidden=\"true\" class=\"fab fa-instagram\"><\/i>\t\t\t<\/a>\n\t\t<\/div>\n\t\t\t\t\t\t<\/div>\n\t\t\t\t<\/div>\n\t\t\t\t<div class=\"elementor-element elementor-element-d5fc051 elementor-view-stacked elementor-shape-circle elementor-widget elementor-widget-icon\" data-id=\"d5fc051\" data-element_type=\"widget\" data-widget_type=\"icon.default\">\n\t\t\t\t<div class=\"elementor-widget-container\">\n\t\t\t\t\t\t\t<div class=\"elementor-icon-wrapper\">\n\t\t\t<a class=\"elementor-icon elementor-animation-grow\" href=\"https:\/\/www.facebook.com\/gibisacchi\" target=\"_blank\">\n\t\t\t<i aria-hidden=\"true\" class=\"fab fa-facebook-square\"><\/i>\t\t\t<\/a>\n\t\t<\/div>\n\t\t\t\t\t\t<\/div>\n\t\t\t\t<\/div>\n\t\t\t\t<div class=\"elementor-element elementor-element-b50087a elementor-view-stacked elementor-shape-circle elementor-widget elementor-widget-icon\" data-id=\"b50087a\" data-element_type=\"widget\" data-widget_type=\"icon.default\">\n\t\t\t\t<div class=\"elementor-widget-container\">\n\t\t\t\t\t\t\t<div class=\"elementor-icon-wrapper\">\n\t\t\t<a class=\"elementor-icon elementor-animation-grow\" href=\"https:\/\/api.whatsapp.com\/send?phone=5501839085636&#038;text=eu%20gostaria%20de%20um%20or%C3%A7amento%20de....\">\n\t\t\t<i aria-hidden=\"true\" class=\"fab fa-whatsapp\"><\/i>\t\t\t<\/a>\n\t\t<\/div>\n\t\t\t\t\t\t<\/div>\n\t\t\t\t<\/div>\n\t\t\t\t<\/div>\n\t\t<div class=\"elementor-element elementor-element-118c12e e-con-full e-flex e-con e-child\" data-id=\"118c12e\" data-element_type=\"container\">\n\t\t\t\t<div class=\"elementor-element elementor-element-d57306e elementor-widget__width-initial elementor-widget elementor-widget-text-editor\" data-id=\"d57306e\" data-element_type=\"widget\" data-widget_type=\"text-editor.default\">\n\t\t\t\t<div class=\"elementor-widget-container\">\n\t\t\t\t\t\t\t\t\tConstrutora Bisacchi Ltda\u00a0<BR> Avenida Coronel Jos\u00e9 Soares Marcondes,\n1005 &#8211; A &#8211; Centro &#8211; Presidente Prudente &#8211; SP<BR>\nTEL. +55 18-39085636\t\t\t\t\t\t\t\t<\/div>\n\t\t\t\t<\/div>\n\t\t\t\t<\/div>\n\t\t\t\t\t<\/div>\n\t\t\t\t<\/div>\n\t\t\t\t<\/div>\n\t\t","protected":false},"excerpt":{"rendered":"<p>PORTF\u00d3LIOA PROFISSIONALCASA F\u00c1CILV\u00cdDEOSENTRE EM CONTATO A profissional Gisele Bisacchi Lima, natural de S\u00e3o Paulo, mudou-se com a fam\u00edlia para Presidente Prudente em 1978. Cursou ensino fundamental no Col\u00e9gio Esqueminha e ensino m\u00e9dio no Col\u00e9gio Objetivo, sempre se destacando entre os melhores alunos de sua sala. Cursou a UNESP \u2013 Universidade Estadual Paulista \u2013 em Bauru, [&hellip;]<\/p>\n","protected":false},"author":1,"featured_media":0,"parent":0,"menu_order":0,"comment_status":"closed","ping_status":"closed","template":"elementor_canvas","meta":{"footnotes":""},"class_list":["post-2546","page","type-page","status-publish","hentry"],"_links":{"self":[{"href":"https:\/\/giselebisacchi.com.br\/index.php?rest_route=\/wp\/v2\/pages\/2546","targetHints":{"allow":["GET"]}}],"collection":[{"href":"https:\/\/giselebisacchi.com.br\/index.php?rest_route=\/wp\/v2\/pages"}],"about":[{"href":"https:\/\/giselebisacchi.com.br\/index.php?rest_route=\/wp\/v2\/types\/page"}],"author":[{"embeddable":true,"href":"https:\/\/giselebisacchi.com.br\/index.php?rest_route=\/wp\/v2\/users\/1"}],"replies":[{"embeddable":true,"href":"https:\/\/giselebisacchi.com.br\/index.php?rest_route=%2Fwp%2Fv2%2Fcomments&post=2546"}],"version-history":[{"count":31,"href":"https:\/\/giselebisacchi.com.br\/index.php?rest_route=\/wp\/v2\/pages\/2546\/revisions"}],"predecessor-version":[{"id":2781,"href":"https:\/\/giselebisacchi.com.br\/index.php?rest_route=\/wp\/v2\/pages\/2546\/revisions\/2781"}],"wp:attachment":[{"href":"https:\/\/giselebisacchi.com.br\/index.php?rest_route=%2Fwp%2Fv2%2Fmedia&parent=2546"}],"curies":[{"name":"wp","href":"https:\/\/api.w.org\/{rel}","templated":true}]}}